n base 7, what is 12 - 1305004?
-1304662
In base 16, what is -d5e05 - 3?
-d5e08
In base 7, what is 44030 + 202?
44232
In base 6, what is 105 - -140?
245
In base 3, what is 1 - -112122000?
112122001
In base 6, what is -2 - -1303045?
1303043
In base 9, what is -452 + -828?
-1381
In base 8, what is -3 - -215104?
215101
In base 11, what is 256 - 978?
-722
In base 12, what is 551 - 2a0?
271
In base 15, what is 1 - -729?
72a
In base 12, what is -1b - 653?
-672
In base 4, what is -213322 + -121?
-220103
In base 5, what is -100030 + -102?
-100132
In base 6, what is -1232 - 32335?
-34011
In base 11, what is -508 - 191?
-699
In base 8, what is -13605 - 110?
-13715
In base 3, what is -10 + -11221201202?
-11221201212
In base 4, what is -2 + 2302030?
2302022
In base 6, what is 11 + 354250?
354301
In base 10, what is -435 - -642?
207
In base 15, what is -73b9e + -5?
-73ba4
In base 8, what is -71556 - -5?
-71551
In base 7, what is -43 - 236223?
-236266
In base 6, what is 2 + 334?
340
In base 5, what is 1 + -1100111?
-1100110
In base 2, what is 111111011100 + 10011110?
1000001111010
In base 9, what is 45 - 3767?
-3722
In base 3, what is -2101101000 - 1011?
-2101102011
In base 2, what is -10 + -11001011100?
-11001011110
In base 10, what is -100608 + -5?
-100613
In base 8, what is -505 - 3566?
-4273
In base 15, what is -dead + -4?
-deb2
In base 8, what is -51 + -7743?
-10014
In base 16, what is -23eef5 + 2?
-23eef3
In base 6, what is 43202402 - 2?
43202400
In base 15, what is 8ee + 47?
946
In base 14, what is -2 - 85c?
-860
In base 9, what is -3 + 15644?
15641
In base 2, what is 111 + -1111100100100001001?
-1111100100100000010
In base 3, what is 1001021022 - -1?
1001021100
In base 11, what is -182211 + -4?
-182215
In base 9, what is -5 - -220788?
220783
In base 2, what is 1000001 - -11111011?
100111100
In base 16, what is -3 + 4248?
4245
In base 4, what is -2102 + -133?
-2301
In base 11, what is 0 - a38526?
-a38526
In base 5, what is -214 - -1101?
332
In base 16, what is 59 + -17e0?
-1787
In base 13, what is 13167 - -c?
13176
In base 6, what is -1233 - -10312?
5035
In base 14, what is -59c - 21?
-5bd
In base 14, what is 47 - -1224?
126b
In base 9, what is -143610 + 4?
-143605
In base 14, what is 0 - 33615?
-33615
In base 12, what is -4 + 227ba?
227b6
In base 10, what is -19366 + 1?
-19365
In base 12, what is -13 - 1107b?
-11092
In base 9, what is -130 - 683?
-823
In base 14, what is -2 - 58d16?
-58d18
In base 13, what is b92 - -28?
bba
In base 16, what is -2 - -379f?
379d
In base 4, what is 100213002122 + -10?
100213002112
In base 5, what is -10220 - -12?
-10203
In base 11, what is -12 + 357?
345
In base 8, what is 202011 + 22?
202033
In base 7, what is -11514 + 45?
-11436
In base 10, what is 605 - 216?
389
In base 2, what is -100 + -11001100001111110?
-11001100010000010
In base 7, what is 10635 - 0?
10635
In base 7, what is 31 + 3436?
3500
In base 2, what is 1010100010111110 + -101?
1010100010111001
In base 11, what is 9 + 180a0?
180a9
In base 5, what is 130 - 100222?
-100042
In base 5, what is 22104 + -13?
22041
In base 2, what is 1011010101111 + 1111?
1011010111110
In base 12, what is 1165 + 20?
1185
In base 13, what is -4616 + 3?
-4613
In base 16, what is -2 - 8a87a?
-8a87c
In base 16, what is -d + -8e5?
-8f2
In base 16, what is -327 + -22d?
-554
In base 13, what is 3 + -23827?
-23824
In base 2, what is 11000001 - 101?
10111100
In base 8, what is -150566 - -3?
-150563
In base 11, what is 3 - -113901?
113904
In base 10, what is 10341 - 7?
10334
In base 4, what is 1233320 - 11?
1233303
In base 14, what is -5521 + -27?
-5548
In base 16, what is -2ec8 - -1?
-2ec7
In base 11, what is -134a5 - 65?
-1355a
In base 16, what is b - -31f3?
31fe
In base 5, what is 24 + 13221203?
13221232
In base 2, what is -1001000000100001111 - -101?
-1001000000100001010
In base 2, what is -100 + -11110010000110?
-11110010001010
In base 15, what is b11dd - 6?
b11d7
In base 15, what is -c46 + -30?
-c76
In base 5, what is 1 - -220100?
220101
In base 11, what is -4a643 - 3?
-4a646
In base 8, what is 2 + 14742?
14744
In base 8, what is -5 - 1215126?
-1215133
In base 10, what is -29008 - 11?
-29019
In base 16, what is -4 + 6e8f?
6e8b
In base 7, what is -163 - 530?
-1023
In base 16, what is -1d8fe + -11?
-1d90f
In base 4, what is 0 - 10130121?
-10130121
In base 13, what is 36 - -17a2?
1808
In base 7, what is -550053 + 1?
-550052
In base 5, what is -1132130001 - -3?
-1132124443
In base 13, what is -83902 - -4?
-838cb
In base 3, what is -102211 + 10?
-102201
In base 6, what is -13513 + 4?
-13505
In base 10, what is 10895 - 5?
10890
In base 15, what is d3a + 87?
dc2
In base 11, what is -2523 - 409?
-2931
In base 5, what is 13232 - 32?
13200
In base 14, what is -1489d + 3?
-1489a
In base 3, what is 111011 - 200000012?
-122112001
In base 8, what is 4 - 564150?
-564144
In base 4, what is -202103310 + 11?
-202103233
In base 15, what is 1c9203 + -1?
1c9202
In base 7, what is -302 + -2521?
-3123
In base 6, what is 1 - -54441?
54442
In base 16, what is -4297 - 1?
-4298
In base 11, what is 4 - -228986?
22898a
In base 15, what is 64520 - -2?
64522
In base 8, what is 126630 - -1?
126631
In base 14, what is -c989 - 0?
-c989
In base 16, what is -9 + afe?
af5
In base 13, what is 3c1594 - 3?
3c1591
In base 6, what is 44345 + 25?
44414
In base 8, what is -214 + -4071?
-4305
In base 14, what is 2d665 + -21?
2d644
In base 7, what is 243 - 14660?
-14414
In base 2, what is -10 - 101010111010?
-101010111100
In base 8, what is -101 - -1704?
1603
In base 7, what is 4406 - -111?
4520
In base 12, what is -12 + -530b1?
-53103
In base 2, what is 100 - -11000000111111?
11000001000011
In base 6, what is 33 + -2414122?
-2414045
In base 2, what is 10 - 11001010101110?
-11001010101100
In base 6, what is 3311 + 10?
3321
In base 6, what is -3001212 + 4?
-3001204
In base 9, what is 77648 + 5?
77654
In base 12, what is 44 - 970?
-928
In base 2, what is -11 + -111110000?
-111110011
In base 3, what is 2200 - 10020222000?
-10020212100
In base 6, what is -300323 - -5?
-300314
In base 6, what is -1021114 - 1?
-1021115
In base 7, what is 0 - 11533?
-11533
In base 9, what is 7 - 184435?
-184427
In base 7, what is -100 + -1013?
-1113
In base 3, what is 21210110021 - 11?
21210110010
In base 10, what is 46 - 30550?
-30504
In base 12, what is -12592 + -2?
-12594
In base 13, what is -12b + -561?
-68c
In base 12, what is -5a889 + 2?
-5a887
In base 13, what is 0 - -4122?
4122
In base 15, what is -121 - -48?
-c8
In base 3, what is -1211 + 110221211?
110220000
In base 13, what is 4 + 19a7?
19ab
In base 6, what is 0 + -242314?
-242314
In base 11, what is 6 - -484?
48a
In base 4, what is -1223 + 1302033?
1300210
In base 10, what is 5 + -14660?
-14655
In base 5, what is -4 - 102204302?
-102204311
In base 11, what is -14a66 - 78?
-15033
In base 6, what is -145454 + 11?
-145443
In base 5, what is 100042422 - 10?
100042412
In base 12, what is -21934 - 5?
-21939
In base 14, what is -11d2c9 + -1?
-11d2ca
In base 11, what is 14 + 3703a?
37053
In base 16, what is 0 + -56c7?
-56c7
In base 6, what is 22311 + 0?
22311
In base 14, what is -1193 + -3?
-1196
In base 4, what is 1021012002 + 0?
1021012002
In base 4, what is -1121220 + -13?
-1121233
In base 2, what is -101001110 - -110111?
-100010111
In base 14, what is -3 - -279b9?
279b6
In base 15, what is -3 + -3892?
-3895
In base 3, what is 2 - -121101220212?
121101220221
In base 8, what is -27 + 266?
237
In base 10, what is 96 + -58?
38
In base 3, what is 2112 + -1222102122?
-1222100010
In base 11, what is -13 + -206963?
-206976
In base 8, what is 220 - 63?
135
In base 14, what is 2 - -2cb19?
2cb1b
In base 9, what is 2 - -24006?
24008
In base 16, what is 7 - f499f?
-f4998
In base 8, what is -230 - 1227?
-1457
In base 8, what is -6 - 455077?
-455105
In base 16, what is 127 + 1c0?
2e7
In base 10, what is -25661 + 0?
-25661
In base 12, what is -67 - 55b?
-606
In base 4, what is -23322023 + -101?
-23322130
In base 16, what is 1e - 1778?
-175a
In base 10, what is -2 - -60045?
60043
In base 14, what is -9a - 3867?
-3923
In base 5, what is 13 - 104131104?
-104131041
In base 15, what is cb - -524?
600
In base 9, what is 217835 - -1?
217836
In base 15, what is 277 + -138?
13e
In base 9, what is 41 - 876?
-835
I